{"id":1378,"date":"2023-09-28T17:53:07","date_gmt":"2023-09-28T17:53:07","guid":{"rendered":"https:\/\/danielcaixeta.pro.br\/site\/?post_type=product&#038;p=1378"},"modified":"2025-10-08T08:00:26","modified_gmt":"2025-10-08T11:00:26","slug":"gestao-de-cursos-recursos-atividades-e-usuarios-no-moodle","status":"publish","type":"product","link":"https:\/\/danielcaixeta.pro.br\/site\/produto\/gestao-de-cursos-recursos-atividades-e-usuarios-no-moodle\/","title":{"rendered":"Gest\u00e3o de cursos, recursos, atividades e usu\u00e1rios no Moodle"},"content":{"rendered":"<p>Este curso com carga hor\u00e1ria de 40 horas tem por objetivo de ser a continua\u00e7\u00e3o do curso de<strong>\u00a0\u201cIntrodu\u00e7\u00e3o a Educa\u00e7\u00e3o a Dist\u00e2ncia, AVA e Moodle\u201d<\/strong>\u00a0que\u00a0discutiu os fundamentos te\u00f3ricos e as ci\u00eancias que instrumentalizam a Educa\u00e7\u00e3o, Educa\u00e7\u00e3o a Dist\u00e2ncia. Al\u00e9m de analisar a Educa\u00e7\u00e3o Online e Ambientes Virtuais de Aprendizagem, especialmente o Moodle e suas aplica\u00e7\u00f5es t\u00e9cnico\/pedag\u00f3gicas.<\/p>\n<p>Al\u00e9m disso, neste curso\u00a0tem uma local\/categoria destinada a realiza\u00e7\u00e3o de pr\u00e1tica de cria\u00e7\u00e3o de curso, inclus\u00e3o de recursos e atividades, al\u00e9m do cadastro e inscri\u00e7\u00e3o de usu\u00e1rios.<\/p>\n<p>O curso \u00e9 dividido em 3 unidades, no qual, para realiza-lo, procure se adaptar \u00e0 seguinte din\u00e2mica: leia sempre \u2013 e atentamente \u2013 o(s) Material(is) e a(s) Atividade(s); siga a sequ\u00eancia em que elas est\u00e3o dispon\u00edveis e evite inverter sua ordem de realiza\u00e7\u00e3o, pois existem raz\u00f5es para que assim estejam.<\/p>\n<p dir=\"ltr\">Neste curso possui um encontro virtual com o professor e tutoria ativa do mesmo durante todo o curso.<\/p>\n<p><b>Bom curso a todos!!!<\/b><\/p>\n","protected":false},"excerpt":{"rendered":"<p>Este curso com carga hor\u00e1ria de 40 horas tem por objetivo de ser a continua\u00e7\u00e3o do curso de\u00a0\u201cIntrodu\u00e7\u00e3o a Educa\u00e7\u00e3o a Dist\u00e2ncia, AVA e Moodle\u201d\u00a0que\u00a0discutiu os fundamentos te\u00f3ricos e as ci\u00eancias que instrumentalizam a Educa\u00e7\u00e3o, Educa\u00e7\u00e3o a Dist\u00e2ncia. Al\u00e9m de analisar a Educa\u00e7\u00e3o Online e Ambientes Virtuais de Aprendizagem, especialmente o Moodle e suas aplica\u00e7\u00f5es [&hellip;]<\/p>\n","protected":false},"featured_media":1299,"comment_status":"open","ping_status":"closed","template":"","meta":[],"product_brand":[],"product_cat":[15],"product_tag":[],"class_list":{"0":"post-1378","1":"product","2":"type-product","3":"status-publish","4":"has-post-thumbnail","6":"product_cat-sem-categoria","8":"first","9":"instock","10":"downloadable","11":"virtual","12":"purchasable","13":"product-type-simple"},"_links":{"self":[{"href":"https:\/\/danielcaixeta.pro.br\/site\/wp-json\/wp\/v2\/product\/1378","targetHints":{"allow":["GET"]}}],"collection":[{"href":"https:\/\/danielcaixeta.pro.br\/site\/wp-json\/wp\/v2\/product"}],"about":[{"href":"https:\/\/danielcaixeta.pro.br\/site\/wp-json\/wp\/v2\/types\/product"}],"replies":[{"embeddable":true,"href":"https:\/\/danielcaixeta.pro.br\/site\/wp-json\/wp\/v2\/comments?post=1378"}],"wp:featuredmedia":[{"embeddable":true,"href":"https:\/\/danielcaixeta.pro.br\/site\/wp-json\/wp\/v2\/media\/1299"}],"wp:attachment":[{"href":"https:\/\/danielcaixeta.pro.br\/site\/wp-json\/wp\/v2\/media?parent=1378"}],"wp:term":[{"taxonomy":"product_brand","embeddable":true,"href":"https:\/\/danielcaixeta.pro.br\/site\/wp-json\/wp\/v2\/product_brand?post=1378"},{"taxonomy":"product_cat","embeddable":true,"href":"https:\/\/danielcaixeta.pro.br\/site\/wp-json\/wp\/v2\/product_cat?post=1378"},{"taxonomy":"product_tag","embeddable":true,"href":"https:\/\/danielcaixeta.pro.br\/site\/wp-json\/wp\/v2\/product_tag?post=1378"}],"curies":[{"name":"wp","href":"https:\/\/api.w.org\/{rel}","templated":true}]}}

Gestão de cursos, recursos, atividades e usuários no Moodle

<p>Este curso com carga horária de 40 horas tem por objetivo de ser a continuação do curso de<strong> “Introdução a Educação a Distância, AVA e Moodle”</strong> que discutiu os fundamentos teóricos e as ciências que instrumentalizam a Educação, Educação a Distância. Além de analisar a Educação Online e Ambientes Virtuais de Aprendizagem, especialmente o Moodle e suas aplicações técnico/pedagógicas.</p>
<p>Além disso, neste curso tem uma local/categoria destinada a realização de prática de criação de curso, inclusão de recursos e atividades, além do cadastro e inscrição de usuários.</p>
<p>O curso é dividido em 3 unidades, no qual, para realiza-lo, procure se adaptar à seguinte dinâmica: leia sempre – e atentamente – o(s) Material(is) e a(s) Atividade(s); siga a sequência em que elas estão disponíveis e evite inverter sua ordem de realização, pois existem razões para que assim estejam.</p>
<p dir="ltr">Neste curso possui um encontro virtual com o professor e tutoria ativa do mesmo durante todo o curso.</p>
<p><b>Bom curso a todos!!!</b></p>

<p>Este curso com carga horária de 40 horas tem por objetivo de ser a continuação do curso de “Introdução a Educação a Distância, AVA e Moodle” que discutiu os fundamentos teóricos e as ciências que instrumentalizam a Educação, Educação a Distância. Além de analisar a Educação Online e Ambientes Virtuais de Aprendizagem, especialmente o Moodle e suas aplicações [&hellip;]</p>
