{"id":1372,"date":"2023-09-28T17:20:11","date_gmt":"2023-09-28T17:20:11","guid":{"rendered":"https:\/\/danielcaixeta.pro.br\/site\/?post_type=product&#038;p=1372"},"modified":"2025-10-08T08:00:43","modified_gmt":"2025-10-08T11:00:43","slug":"o-uso-de-chatbots-inteligentes-na-educacao","status":"publish","type":"product","link":"https:\/\/danielcaixeta.pro.br\/site\/produto\/o-uso-de-chatbots-inteligentes-na-educacao\/","title":{"rendered":"O Uso de Chatbots Inteligentes na Educa\u00e7\u00e3o"},"content":{"rendered":"<p>Este curso com carga hor\u00e1ria de 20 horas tem por objetivo de aumentar a conscientiza\u00e7\u00e3o sobre o uso de chatbots inteligentes na Educa\u00e7\u00e3o tais como ChatGPT, ChatSonic, Jasper Chat. Compreender o uso do dos chatbots inteligentes para melhorar a efici\u00eancia a efic\u00e1cia do ensino.<\/p>\n<p>O curso abordar\u00e1 os seguintes temas a arquitetura dos chatbots, como a tecnologia AI est\u00e1 sendo usada para criar experi\u00eancias educacionais mais intuitivas e envolventes e como os chatbots podem ajudar a melhorar o processo de ensino\/aprendizagem e a compreens\u00e3o de alunos.<\/p>\n<p>O curso apresentar\u00e1, ainda, maneiras de identificar textos gerados por essas ferramentas.<\/p>\n<p>O curso \u00e9 dividido em 3 unidades, no qual, para realiza-lo, procure se adaptar \u00e0 seguinte din\u00e2mica: leia sempre \u2013 e atentamente \u2013 o(s) Material(is) e a(s) Atividade(s); siga a sequ\u00eancia em que elas est\u00e3o dispon\u00edveis e evite inverter sua ordem de realiza\u00e7\u00e3o, pois existem raz\u00f5es para que assim estejam.<\/p>\n<p>Neste curso possui um encontro virtual com o professor e tutoria ativa do mesmo durante todo o curso.<\/p>\n","protected":false},"excerpt":{"rendered":"<p>Este curso com carga hor\u00e1ria de 20 horas tem por objetivo de aumentar a conscientiza\u00e7\u00e3o sobre o uso de chatbots inteligentes na Educa\u00e7\u00e3o tais como ChatGPT, ChatSonic, Jasper Chat. Compreender o uso do dos chatbots inteligentes para melhorar a efici\u00eancia a efic\u00e1cia do ensino. O curso abordar\u00e1 os seguintes temas a arquitetura dos chatbots, como [&hellip;]<\/p>\n","protected":false},"featured_media":1373,"comment_status":"open","ping_status":"closed","template":"","meta":[],"product_brand":[],"product_cat":[15],"product_tag":[],"class_list":{"0":"post-1372","1":"product","2":"type-product","3":"status-publish","4":"has-post-thumbnail","6":"product_cat-sem-categoria","8":"first","9":"instock","10":"downloadable","11":"virtual","12":"purchasable","13":"product-type-simple"},"_links":{"self":[{"href":"https:\/\/danielcaixeta.pro.br\/site\/wp-json\/wp\/v2\/product\/1372","targetHints":{"allow":["GET"]}}],"collection":[{"href":"https:\/\/danielcaixeta.pro.br\/site\/wp-json\/wp\/v2\/product"}],"about":[{"href":"https:\/\/danielcaixeta.pro.br\/site\/wp-json\/wp\/v2\/types\/product"}],"replies":[{"embeddable":true,"href":"https:\/\/danielcaixeta.pro.br\/site\/wp-json\/wp\/v2\/comments?post=1372"}],"wp:featuredmedia":[{"embeddable":true,"href":"https:\/\/danielcaixeta.pro.br\/site\/wp-json\/wp\/v2\/media\/1373"}],"wp:attachment":[{"href":"https:\/\/danielcaixeta.pro.br\/site\/wp-json\/wp\/v2\/media?parent=1372"}],"wp:term":[{"taxonomy":"product_brand","embeddable":true,"href":"https:\/\/danielcaixeta.pro.br\/site\/wp-json\/wp\/v2\/product_brand?post=1372"},{"taxonomy":"product_cat","embeddable":true,"href":"https:\/\/danielcaixeta.pro.br\/site\/wp-json\/wp\/v2\/product_cat?post=1372"},{"taxonomy":"product_tag","embeddable":true,"href":"https:\/\/danielcaixeta.pro.br\/site\/wp-json\/wp\/v2\/product_tag?post=1372"}],"curies":[{"name":"wp","href":"https:\/\/api.w.org\/{rel}","templated":true}]}}