{"id":1859,"date":"2025-10-08T00:42:14","date_gmt":"2025-10-08T00:42:14","guid":{"rendered":"https:\/\/danielcaixeta.pro.br\/site\/eb-corsos\/"},"modified":"2025-10-08T00:42:14","modified_gmt":"2025-10-08T00:42:14","slug":"eb-corsos","status":"publish","type":"page","link":"https:\/\/danielcaixeta.pro.br\/site\/eb-corsos\/","title":{"rendered":"Cursos"},"content":{"rendered":"<div class=\"edwiser-bridge\"><form class=\"eb_filter_and_sorting\" method=\"get\">\r\n\t<input type=\"hidden\" name=\"eb_courses_page_key\" value=\"0e3538f6b5\">\r\n\r\n\t<div class='eb_archive_filter'>\r\n\t\t<label class=\"eb_archive_filter_lbl\"> Filtre cursos por categoria: <\/label>\r\n\t\t<select name=\"eb_category_filter\" id=\"eb_category_filter\" class=\"\" >\r\n\t\t\t<option value=\"eb_archive_filter_all\" >Todos<\/option>\r\n\r\n\t\t\t\t\t<\/select>\r\n\t<\/div>\r\n\r\n\t<div class='eb_archive_sort'>\r\n\t\t<label class=\"eb_archive_sort_lbl\"> Ordenar por: <\/label>\r\n\t\t<select name=\"eb_category_sort\" id=\"eb_category_sort\" class=\"\" >\r\n\t\t\t<option value=\"eb_archive_sort_a_z\" >Padr\u00e3o A a Z<\/option>\r\n\t\t\t<option value=\"eb_archive_sort_z_a\" >Ordenar Z a A<\/option>\r\n\t\t\t<option value=\"eb_archive_latest\" >Classificar por mais recente<\/option>\r\n\t\t\t<option value=\"eb_archive_oldest\" >Classificar por mais antigo<\/option>\r\n\t\t<\/select>\r\n\t<\/div>\r\n<\/form>\r\n\t\t\t<div class='eb-cat-parent'>\r\n\t\t\t\t\t<div class=\"sc-eb_courses-wrapper eb_course_cards_wrap\">\r\n\t\t\t\t\t\t\r\n<div id=\"post-1876\" class=\"wdm-col-3-2-1 eb-course-card eb-course-col wdm-course-grid-wrap no-access post-1876 eb_course type-eb_course status-publish hentry\" title=\"Clique para ler mais sobre Acessibilidade no Moodle curso\">\r\n\t<div class=\"eb-grid-container\">\r\n\t\t<div class=\"wdm-course-grid\">\r\n\r\n\t\t\t\t\t<a href=\"https:\/\/danielcaixeta.pro.br\/site\/courses\/acessibilidade-no-moodle\/\" rel=\"bookmark\" class=\"wdm-course-thumbnail\">\r\n\t\t\t\t<!-- Course card image container -->\r\n\t\t\t\t<div class=\"wdm-course-image\">\r\n\t\t\t\t\t<img decoding=\"async\" src=\"https:\/\/danielcaixeta.pro.br\/site\/wp-content\/plugins\/edwiser-bridge\/images\/placeholder-course-thumbnail.jpeg\"\/>\r\n\t\t\t\t<\/div>\r\n\t\t\t\t<div class=\"wdm-caption\">\r\n\t\t\t\t\t<div  class=\"eb-cat-wrapper-new \">\r\n\t\t\t\t\t\t\t\t\t\t<\/div>\r\n\r\n\t\t\t\t\t<div class=\"eb-course-title eb-course-card-title\">Acessibilidade no Moodle<\/div>\r\n\r\n\t\t\t\t\t\r\n\t\t\t\t\t<div>\r\n\t\t\t\t\t\t<p class=\"eb_short_desc\">\r\n\t\t\t\t\t\t\t \r\n\t\t\t\t\t\t<\/p>\r\n\t\t\t\t\t<\/div>\r\n\r\n\t\t\t\t\t\t\t\t\t<\/div>\r\n\t\t\t<\/a>\r\n\r\n\t\t\t\t\t<\/div>\r\n\t<\/div>\r\n\t<!-- .wdm-course-grid -->\r\n<\/div><!-- #post -->\r\n\r\n<div id=\"post-1874\" class=\"wdm-col-3-2-1 eb-course-card eb-course-col wdm-course-grid-wrap no-access post-1874 eb_course type-eb_course status-publish hentry\" title=\"Clique para ler mais sobre Design Instrucional em cursos no Moodle curso\">\r\n\t<div class=\"eb-grid-container\">\r\n\t\t<div class=\"wdm-course-grid\">\r\n\r\n\t\t\t\t\t<a href=\"https:\/\/danielcaixeta.pro.br\/site\/courses\/design-instrucional-em-cursos-no-moodle\/\" rel=\"bookmark\" class=\"wdm-course-thumbnail\">\r\n\t\t\t\t<!-- Course card image container -->\r\n\t\t\t\t<div class=\"wdm-course-image\">\r\n\t\t\t\t\t<img decoding=\"async\" src=\"https:\/\/danielcaixeta.pro.br\/site\/wp-content\/plugins\/edwiser-bridge\/images\/placeholder-course-thumbnail.jpeg\"\/>\r\n\t\t\t\t<\/div>\r\n\t\t\t\t<div class=\"wdm-caption\">\r\n\t\t\t\t\t<div  class=\"eb-cat-wrapper-new \">\r\n\t\t\t\t\t\t\t\t\t\t<\/div>\r\n\r\n\t\t\t\t\t<div class=\"eb-course-title eb-course-card-title\">Design Instrucional em cursos no Moodle<\/div>\r\n\r\n\t\t\t\t\t\r\n\t\t\t\t\t<div>\r\n\t\t\t\t\t\t<p class=\"eb_short_desc\">\r\n\t\t\t\t\t\t\t \r\n\t\t\t\t\t\t<\/p>\r\n\t\t\t\t\t<\/div>\r\n\r\n\t\t\t\t\t\t\t\t\t<\/div>\r\n\t\t\t<\/a>\r\n\r\n\t\t\t\t\t<\/div>\r\n\t<\/div>\r\n\t<!-- .wdm-course-grid -->\r\n<\/div><!-- #post -->\r\n\r\n<div id=\"post-1875\" class=\"wdm-col-3-2-1 eb-course-card eb-course-col wdm-course-grid-wrap no-access post-1875 eb_course type-eb_course status-publish hentry\" title=\"Clique para ler mais sobre Forma\u00e7\u00e3o de Tutores EaD curso\">\r\n\t<div class=\"eb-grid-container\">\r\n\t\t<div class=\"wdm-course-grid\">\r\n\r\n\t\t\t\t\t<a href=\"https:\/\/danielcaixeta.pro.br\/site\/courses\/formacao-de-tutores-ead\/\" rel=\"bookmark\" class=\"wdm-course-thumbnail\">\r\n\t\t\t\t<!-- Course card image container -->\r\n\t\t\t\t<div class=\"wdm-course-image\">\r\n\t\t\t\t\t<img decoding=\"async\" src=\"https:\/\/danielcaixeta.pro.br\/site\/wp-content\/plugins\/edwiser-bridge\/images\/placeholder-course-thumbnail.jpeg\"\/>\r\n\t\t\t\t<\/div>\r\n\t\t\t\t<div class=\"wdm-caption\">\r\n\t\t\t\t\t<div  class=\"eb-cat-wrapper-new \">\r\n\t\t\t\t\t\t\t\t\t\t<\/div>\r\n\r\n\t\t\t\t\t<div class=\"eb-course-title eb-course-card-title\">Forma\u00e7\u00e3o de Tutores EaD<\/div>\r\n\r\n\t\t\t\t\t\r\n\t\t\t\t\t<div>\r\n\t\t\t\t\t\t<p class=\"eb_short_desc\">\r\n\t\t\t\t\t\t\t \r\n\t\t\t\t\t\t<\/p>\r\n\t\t\t\t\t<\/div>\r\n\r\n\t\t\t\t\t\t\t\t\t<\/div>\r\n\t\t\t<\/a>\r\n\r\n\t\t\t\t\t<\/div>\r\n\t<\/div>\r\n\t<!-- .wdm-course-grid -->\r\n<\/div><!-- #post -->\r\n\r\n<div id=\"post-1873\" class=\"wdm-col-3-2-1 eb-course-card eb-course-col wdm-course-grid-wrap no-access post-1873 eb_course type-eb_course status-publish hentry\" title=\"Clique para ler mais sobre Gest\u00e3o de cursos, recursos, atividades e usu\u00e1rios no Moodle curso\">\r\n\t<div class=\"eb-grid-container\">\r\n\t\t<div class=\"wdm-course-grid\">\r\n\r\n\t\t\t\t\t<a href=\"https:\/\/danielcaixeta.pro.br\/site\/courses\/gestao-de-cursos-recursos-atividades-e-usuarios-no-moodle\/\" rel=\"bookmark\" class=\"wdm-course-thumbnail\">\r\n\t\t\t\t<!-- Course card image container -->\r\n\t\t\t\t<div class=\"wdm-course-image\">\r\n\t\t\t\t\t<img decoding=\"async\" src=\"https:\/\/danielcaixeta.pro.br\/site\/wp-content\/plugins\/edwiser-bridge\/images\/placeholder-course-thumbnail.jpeg\"\/>\r\n\t\t\t\t<\/div>\r\n\t\t\t\t<div class=\"wdm-caption\">\r\n\t\t\t\t\t<div  class=\"eb-cat-wrapper-new \">\r\n\t\t\t\t\t\t\t\t\t\t<\/div>\r\n\r\n\t\t\t\t\t<div class=\"eb-course-title eb-course-card-title\">Gest\u00e3o de cursos, recursos, atividades e usu\u00e1rios no Moodle<\/div>\r\n\r\n\t\t\t\t\t\r\n\t\t\t\t\t<div>\r\n\t\t\t\t\t\t<p class=\"eb_short_desc\">\r\n\t\t\t\t\t\t\t \r\n\t\t\t\t\t\t<\/p>\r\n\t\t\t\t\t<\/div>\r\n\r\n\t\t\t\t\t\t\t\t\t<\/div>\r\n\t\t\t<\/a>\r\n\r\n\t\t\t\t\t<\/div>\r\n\t<\/div>\r\n\t<!-- .wdm-course-grid -->\r\n<\/div><!-- #post -->\r\n\r\n<div id=\"post-1877\" class=\"wdm-col-3-2-1 eb-course-card eb-course-col wdm-course-grid-wrap no-access post-1877 eb_course type-eb_course status-publish hentry\" title=\"Clique para ler mais sobre Intelig\u00eancia Artificial na Educa\u00e7\u00e3o curso\">\r\n\t<div class=\"eb-grid-container\">\r\n\t\t<div class=\"wdm-course-grid\">\r\n\r\n\t\t\t\t\t<a href=\"https:\/\/danielcaixeta.pro.br\/site\/courses\/inteligencia-artificial-na-educacao\/\" rel=\"bookmark\" class=\"wdm-course-thumbnail\">\r\n\t\t\t\t<!-- Course card image container -->\r\n\t\t\t\t<div class=\"wdm-course-image\">\r\n\t\t\t\t\t<img decoding=\"async\" src=\"https:\/\/danielcaixeta.pro.br\/site\/wp-content\/plugins\/edwiser-bridge\/images\/placeholder-course-thumbnail.jpeg\"\/>\r\n\t\t\t\t<\/div>\r\n\t\t\t\t<div class=\"wdm-caption\">\r\n\t\t\t\t\t<div  class=\"eb-cat-wrapper-new \">\r\n\t\t\t\t\t\t\t\t\t\t<\/div>\r\n\r\n\t\t\t\t\t<div class=\"eb-course-title eb-course-card-title\">Intelig\u00eancia Artificial na Educa\u00e7\u00e3o<\/div>\r\n\r\n\t\t\t\t\t\r\n\t\t\t\t\t<div>\r\n\t\t\t\t\t\t<p class=\"eb_short_desc\">\r\n\t\t\t\t\t\t\t \r\n\t\t\t\t\t\t<\/p>\r\n\t\t\t\t\t<\/div>\r\n\r\n\t\t\t\t\t\t\t\t\t<\/div>\r\n\t\t\t<\/a>\r\n\r\n\t\t\t\t\t<\/div>\r\n\t<\/div>\r\n\t<!-- .wdm-course-grid -->\r\n<\/div><!-- #post -->\r\n\r\n<div id=\"post-1872\" class=\"wdm-col-3-2-1 eb-course-card eb-course-col wdm-course-grid-wrap no-access post-1872 eb_course type-eb_course status-publish hentry\" title=\"Clique para ler mais sobre Introdu\u00e7\u00e3o a Educa\u00e7\u00e3o a Dist\u00e2ncia, AVA e Moodle curso\">\r\n\t<div class=\"eb-grid-container\">\r\n\t\t<div class=\"wdm-course-grid\">\r\n\r\n\t\t\t\t\t<a href=\"https:\/\/danielcaixeta.pro.br\/site\/courses\/introducao-a-educacao-a-distancia-ava-e-moodle\/\" rel=\"bookmark\" class=\"wdm-course-thumbnail\">\r\n\t\t\t\t<!-- Course card image container -->\r\n\t\t\t\t<div class=\"wdm-course-image\">\r\n\t\t\t\t\t<img decoding=\"async\" src=\"https:\/\/danielcaixeta.pro.br\/site\/wp-content\/plugins\/edwiser-bridge\/images\/placeholder-course-thumbnail.jpeg\"\/>\r\n\t\t\t\t<\/div>\r\n\t\t\t\t<div class=\"wdm-caption\">\r\n\t\t\t\t\t<div  class=\"eb-cat-wrapper-new \">\r\n\t\t\t\t\t\t\t\t\t\t<\/div>\r\n\r\n\t\t\t\t\t<div class=\"eb-course-title eb-course-card-title\">Introdu\u00e7\u00e3o a Educa\u00e7\u00e3o a Dist\u00e2ncia, AVA e Moodle<\/div>\r\n\r\n\t\t\t\t\t\r\n\t\t\t\t\t<div>\r\n\t\t\t\t\t\t<p class=\"eb_short_desc\">\r\n\t\t\t\t\t\t\t \r\n\t\t\t\t\t\t<\/p>\r\n\t\t\t\t\t<\/div>\r\n\r\n\t\t\t\t\t\t\t\t\t<\/div>\r\n\t\t\t<\/a>\r\n\r\n\t\t\t\t\t<\/div>\r\n\t<\/div>\r\n\t<!-- .wdm-course-grid -->\r\n<\/div><!-- #post -->\r\n\t\t\t\t<\/div>\r\n\t\t\t\t\t\t\t<div style=\"clear:both\"><\/div>\r\n\t\t\t\t\t<\/div>\r\n\t\t<\/div>\n","protected":false},"excerpt":{"rendered":"Prezados alunos(as),Este curso com carga hor\u00e1ria de 20 horas tem por objetivo de discutir os fundamentos te\u00f3ricos e as ci\u00eancias que instrumentalizam a Educa\u00e7\u00e3o, Educa\u00e7\u00e3o a Dist\u00e2ncia. Al\u00e9m de analisar a Educa\u00e7\u00e3o Online e Ambientes Virtuais de Aprendizagem, especialmente o Moodle e suas aplica\u00e7\u00f5es t\u00e9cnico\/pedag\u00f3gicas.O curso \u00e9 dividido em 2 unidades, no qual, para realiza-lo, [...]","protected":false},"author":1,"featured_media":0,"parent":0,"menu_order":0,"comment_status":"closed","ping_status":"closed","template":"","meta":{"productId":0,"courseId":0,"footnotes":""},"class_list":["post-1859","page","type-page","status-publish","hentry"],"_links":{"self":[{"href":"https:\/\/danielcaixeta.pro.br\/site\/wp-json\/wp\/v2\/pages\/1859","targetHints":{"allow":["GET"]}}],"collection":[{"href":"https:\/\/danielcaixeta.pro.br\/site\/wp-json\/wp\/v2\/pages"}],"about":[{"href":"https:\/\/danielcaixeta.pro.br\/site\/wp-json\/wp\/v2\/types\/page"}],"author":[{"embeddable":true,"href":"https:\/\/danielcaixeta.pro.br\/site\/wp-json\/wp\/v2\/users\/1"}],"replies":[{"embeddable":true,"href":"https:\/\/danielcaixeta.pro.br\/site\/wp-json\/wp\/v2\/comments?post=1859"}],"version-history":[{"count":0,"href":"https:\/\/danielcaixeta.pro.br\/site\/wp-json\/wp\/v2\/pages\/1859\/revisions"}],"wp:attachment":[{"href":"https:\/\/danielcaixeta.pro.br\/site\/wp-json\/wp\/v2\/media?parent=1859"}],"curies":[{"name":"wp","href":"https:\/\/api.w.org\/{rel}","templated":true}]}}