{"id":1704,"date":"2023-10-17T14:51:10","date_gmt":"2023-10-17T14:51:10","guid":{"rendered":"https:\/\/danielcaixeta.pro.br\/site\/?page_id=1704"},"modified":"2023-10-17T14:51:10","modified_gmt":"2023-10-17T14:51:10","slug":"kavouras","status":"publish","type":"page","link":"https:\/\/danielcaixeta.pro.br\/site\/parceiros\/kavouras\/","title":{"rendered":"Kavouras"},"content":{"rendered":"<div class=\"wpb-content-wrapper\"><p>[vc_row][vc_column]<!-- Start Case Details \n    ============================================= -->\n    <div class=\"case-details-area services-details-area default-padding\">\n        <div class=\"container\">\n            <div class=\"case-content\">\n                <div class=\"top-info\">\n                    <div class=\"row\">\n                        <div class=\"col-lg-7 thumb\">\n                            <img decoding=\"async\" src=\"https:\/\/danielcaixeta.pro.br\/site\/wp-content\/uploads\/2023\/09\/kavouras.png\" alt=\"Thumb\">\n                        <\/div>\n                        <div class=\"col-lg-5 left-info\">\n                            <h2>Kavouras<\/h2>\n                            <p>\n                                tuando no mercado desde 2009 a Kavouras multim\u00eddia vem ajudando Empresas, Escolas e Universidades a produzir treinamentos on-line personalizados e sob medida.\n                            <\/p>\n                            <ul class=\"project-info\">\n                            <li>\n                                <div class=\"title\"><h5>Materiais Educativos<\/h5><\/div>\n                                <div class=\"details\"> Produzimos solu\u00e7\u00f5es de e-learning para escolas e universidades<\/div>\n                            <\/li>\n                            <li>\n                                <div class=\"title\"><h5>Produ\u00e7\u00e3o em v\u00eddeo <\/h5><\/div>\n                                <div class=\"details\">V\u00eddeos Institucionais, promocionais, treinamentos, v\u00eddeo aulas, infograficos.<\/div>\n                            <\/li>\n                            <li>\n                                <div class=\"title\"><h5>Casos cl\u00ednicos <\/h5><\/div>\n                                <div class=\"details\">Os treinamentos que produzimos s\u00e3o adapt\u00e1veis a diferentes dispositivos, tornando o aprendizado mais flex\u00edvel e acess\u00edvel. Com nosso trabalho, sua empresa pode contar com treinamentos interativos de alta qualidade e que v\u00e3o agregar valor ao seu neg\u00f3cio. <\/div>\n                            <\/li>\n                            <li>\n                                <div class=\"title\"><h5>Games de estudo de casos <\/h5><\/div>\n                                <div class=\"details\">Desenvolver games de estudo de casos para treinamentos e-learning de alta qualidade.<\/div>\n                            <\/li>\n                            <\/ul>\n                        <\/div>\n                    <\/div>\n                <\/div>[vc_column_text css=&#8221;.vc_custom_1697554261765{margin-bottom: 25px !important;}&#8221;]<\/p>\n<h3 class=\"yqz7XO xTa8V9 pY7KMI\" title=\"V\u00eddeos em anima\u00e7\u00e3o\" data-hook=\"title\">V\u00eddeos em anima\u00e7\u00e3o<\/h3>\n<div class=\"WLrzEG fIJw0k pY7KMI\" data-hook=\"description\">Com a produ\u00e7\u00e3o de v\u00eddeos em anima\u00e7\u00e3o motion graphics, proporcionamos uma experi\u00eancia de aprendizagem mais eficiente para os colaboradores, tornando o processo de capacita\u00e7\u00e3o mais atrativo e motivador.<\/div>\n<h3 class=\"yqz7XO xTa8V9 pY7KMI\" title=\"Gamifica\u00e7\u00e3o\" data-hook=\"title\">Gamifica\u00e7\u00e3o<\/h3>\n<div class=\"WLrzEG fIJw0k pY7KMI\" data-hook=\"description\">Produzimos treinamentos gamificados e realizamos um excelente trabalho nessa \u00e1rea. Com uma equipe altamente qualificada e experiente, utilizamos as melhores pr\u00e1ticas e tecnologias para criar solu\u00e7\u00f5es de treinamento eficientes e personalizadas para cada cliente.<\/div>\n<div data-hook=\"description\"><\/div>\n<div data-hook=\"description\"><a href=\"https:\/\/www.kavouras.com.br\/\">Site: https:\/\/www.kavouras.com.br\/<\/a><\/div>\n<p>[\/vc_column_text][\/vc_column][\/vc_row]<\/p>\n<\/div>","protected":false},"excerpt":{"rendered":"<p>[vc_row][vc_column][vc_column_text css=&#8221;.vc_custom_1697554261765{margin-bottom: 25px !important;}&#8221;] V\u00eddeos em anima\u00e7\u00e3o Com a produ\u00e7\u00e3o de v\u00eddeos em anima\u00e7\u00e3o motion graphics, proporcionamos uma experi\u00eancia de aprendizagem mais eficiente para os colaboradores, tornando o processo de capacita\u00e7\u00e3o mais atrativo e motivador. Gamifica\u00e7\u00e3o Produzimos treinamentos gamificados e realizamos um excelente trabalho nessa \u00e1rea. Com uma equipe altamente qualificada e experiente, utilizamos as [&hellip;]<\/p>\n","protected":false},"author":1,"featured_media":0,"parent":1664,"menu_order":0,"comment_status":"closed","ping_status":"closed","template":"page-templates\/pages.php","meta":{"productId":0,"courseId":0,"footnotes":""},"class_list":["post-1704","page","type-page","status-publish","hentry"],"_links":{"self":[{"href":"https:\/\/danielcaixeta.pro.br\/site\/wp-json\/wp\/v2\/pages\/1704","targetHints":{"allow":["GET"]}}],"collection":[{"href":"https:\/\/danielcaixeta.pro.br\/site\/wp-json\/wp\/v2\/pages"}],"about":[{"href":"https:\/\/danielcaixeta.pro.br\/site\/wp-json\/wp\/v2\/types\/page"}],"author":[{"embeddable":true,"href":"https:\/\/danielcaixeta.pro.br\/site\/wp-json\/wp\/v2\/users\/1"}],"replies":[{"embeddable":true,"href":"https:\/\/danielcaixeta.pro.br\/site\/wp-json\/wp\/v2\/comments?post=1704"}],"version-history":[{"count":1,"href":"https:\/\/danielcaixeta.pro.br\/site\/wp-json\/wp\/v2\/pages\/1704\/revisions"}],"predecessor-version":[{"id":1705,"href":"https:\/\/danielcaixeta.pro.br\/site\/wp-json\/wp\/v2\/pages\/1704\/revisions\/1705"}],"up":[{"embeddable":true,"href":"https:\/\/danielcaixeta.pro.br\/site\/wp-json\/wp\/v2\/pages\/1664"}],"wp:attachment":[{"href":"https:\/\/danielcaixeta.pro.br\/site\/wp-json\/wp\/v2\/media?parent=1704"}],"curies":[{"name":"wp","href":"https:\/\/api.w.org\/{rel}","templated":true}]}}