{"id":1593,"date":"2023-10-04T12:06:53","date_gmt":"2023-10-04T12:06:53","guid":{"rendered":"https:\/\/danielcaixeta.pro.br\/site\/?page_id=1593"},"modified":"2023-10-04T12:27:13","modified_gmt":"2023-10-04T12:27:13","slug":"elaboracao-de-documentos-educacionais","status":"publish","type":"page","link":"https:\/\/danielcaixeta.pro.br\/site\/servicos\/servicos-educacionais\/elaboracao-de-documentos-educacionais\/","title":{"rendered":"Elabora\u00e7\u00e3o de documentos educacionais"},"content":{"rendered":"<div class=\"wpb-content-wrapper\"><p>[vc_row][vc_column]<!-- Start Services \n    ============================================= -->\n    <div class=\"services-area default-padding bg-cover\">\n        <div class=\"container\">\n            <div class=\"services-tabs\">\n                <ul id=\"tabs\" class=\"nav nav-tabs\"><li class=\"nav-item\">\n                        <a href=\"\" data-target=\"#tab1\" data-toggle=\"tab\" class=\"active nav-link\">Servi\u00e7os Educacionais<\/a>\n                    <\/li><\/ul>\n                <div id=\"tabsContent\" class=\"tab-content wow fadeInUp\" data-wow-delay=\"0.5s\"><div id=\"tab1\" class=\"tab-pane fade active show\">\n                        <div class=\"row\">\n                            <div class=\"col-lg-5 col-md-12 thumb\" style=\"background-image: url(https:\/\/danielcaixeta.pro.br\/site\/wp-content\/uploads\/2023\/10\/documentos-educacionais-vertical.png);\"><\/div>\n                            <div class=\"col-lg-7 col-md-12 info\">\n                                <div class=\"content\">\n                                    <i class=\"flaticon-analytics\"><\/i>\n                                    <h2>Elabora\u00e7\u00e3o de documentos educacionais<\/h2>\n                                    <p>\n                                        A elabora\u00e7\u00e3o e revis\u00e3o de documentos educacionais s\u00e3o fundamentais para os processos de (re)credenciamento e autoriza\u00e7\u00e3o de institui\u00e7\u00f5es de ensino ou cursos, perante os Conselhos de Educa\u00e7\u00e3o e\/ou Minist\u00e9rio da Educa\u00e7\u00e3o. Esses documentos s\u00e3o cruciais para garantir a conformidade com as regulamenta\u00e7\u00f5es, diretrizes e exig\u00eancias legais vigentes no setor educacional. Nossa empresa \u00e9 especializada na cria\u00e7\u00e3o e aprimoramento de documentos educacionais essenciais, garantindo que sejam elaborados de acordo com as normas e especificidades de cada institui\u00e7\u00e3o. Dentre os documentos que trabalhamos, destacam-se:\n                                    <\/p>\n                                    <ul>\n                                        <li>Plano de Desenvolvimento Institucional (PDI): Este documento estrat\u00e9gico \u00e9 fundamental para estabelecer as metas, objetivos e diretrizes da institui\u00e7\u00e3o a curto, m\u00e9dio e longo prazo. Ele auxilia na defini\u00e7\u00e3o do planejamento e na tomada de decis\u00f5es, contemplando aspectos como a miss\u00e3o, a vis\u00e3o, os valores, a infraestrutura, a gest\u00e3o acad\u00eamica e administrativa, entre outros. Projeto Pedag\u00f3gico de Curso (PPC): O PPC \u00e9 um documento que detalha as caracter\u00edsticas de um curso espec\u00edfico, abordando aspectos como a matriz curricular, a metodologia de ensino, os crit\u00e9rios de avalia\u00e7\u00e3o, as pr\u00e1ticas pedag\u00f3gicas, a forma\u00e7\u00e3o docente, os recursos did\u00e1ticos, entre outros. Ele serve como um guia para a elabora\u00e7\u00e3o e execu\u00e7\u00e3o das atividades acad\u00eamicas e garante a qualidade e a coer\u00eancia do curso.<\/li>\n                                        <li>Projeto Pedag\u00f3gico Institucional (PPI): O PPI \u00e9 um documento que define a identidade e a filosofia educacional da institui\u00e7\u00e3o, orientando as pr\u00e1ticas pedag\u00f3gicas e a constru\u00e7\u00e3o dos PPCs. Ele estabelece os princ\u00edpios norteadores, as diretrizes curriculares e os processos de avalia\u00e7\u00e3o institucional. Estatutos: Os estatutos s\u00e3o documentos legais que estabelecem as regras e normas de funcionamento de uma institui\u00e7\u00e3o de ensino. Eles determinam a estrutura organizacional, os \u00f3rg\u00e3os de administra\u00e7\u00e3o, a autonomia, os direitos e deveres dos membros, entre outros aspectos relevantes.<\/li>\n                                        <li>Regimentos: Os regimentos s\u00e3o documentos internos que complementam os estatutos e estabelecem as normas espec\u00edficas para o funcionamento dos \u00f3rg\u00e3os e setores da institui\u00e7\u00e3o. Eles detalham os procedimentos, as atribui\u00e7\u00f5es e as responsabilidades de cada \u00e1rea, garantindo a efici\u00eancia e a organiza\u00e7\u00e3o das atividades.<\/li>\n                                    <\/ul><a href=\"#\" class=\"btn-more\">Entre em Contato<\/a><\/div>\n                            <\/div>\n                        <\/div>\n                    <\/div><\/div>\n            <\/div>\n        <\/div>\n    <\/div>\n    <!-- End Services Area -->[\/vc_column][\/vc_row]<\/p>\n<\/div>","protected":false},"excerpt":{"rendered":"<p>[vc_row][vc_column][\/vc_column][\/vc_row]<\/p>\n","protected":false},"author":1,"featured_media":0,"parent":1430,"menu_order":0,"comment_status":"closed","ping_status":"closed","template":"page-templates\/pages.php","meta":{"productId":0,"courseId":0,"footnotes":""},"class_list":["post-1593","page","type-page","status-publish","hentry"],"_links":{"self":[{"href":"https:\/\/danielcaixeta.pro.br\/site\/wp-json\/wp\/v2\/pages\/1593","targetHints":{"allow":["GET"]}}],"collection":[{"href":"https:\/\/danielcaixeta.pro.br\/site\/wp-json\/wp\/v2\/pages"}],"about":[{"href":"https:\/\/danielcaixeta.pro.br\/site\/wp-json\/wp\/v2\/types\/page"}],"author":[{"embeddable":true,"href":"https:\/\/danielcaixeta.pro.br\/site\/wp-json\/wp\/v2\/users\/1"}],"replies":[{"embeddable":true,"href":"https:\/\/danielcaixeta.pro.br\/site\/wp-json\/wp\/v2\/comments?post=1593"}],"version-history":[{"count":5,"href":"https:\/\/danielcaixeta.pro.br\/site\/wp-json\/wp\/v2\/pages\/1593\/revisions"}],"predecessor-version":[{"id":1605,"href":"https:\/\/danielcaixeta.pro.br\/site\/wp-json\/wp\/v2\/pages\/1593\/revisions\/1605"}],"up":[{"embeddable":true,"href":"https:\/\/danielcaixeta.pro.br\/site\/wp-json\/wp\/v2\/pages\/1430"}],"wp:attachment":[{"href":"https:\/\/danielcaixeta.pro.br\/site\/wp-json\/wp\/v2\/media?parent=1593"}],"curies":[{"name":"wp","href":"https:\/\/api.w.org\/{rel}","templated":true}]}}