{"id":1534,"date":"2023-10-02T22:00:44","date_gmt":"2023-10-02T22:00:44","guid":{"rendered":"https:\/\/danielcaixeta.pro.br\/site\/?page_id=1534"},"modified":"2023-10-02T22:47:10","modified_gmt":"2023-10-02T22:47:10","slug":"elaboracao-de-manuais-e-tutoriais","status":"publish","type":"page","link":"https:\/\/danielcaixeta.pro.br\/site\/servicos\/servicos-tecnologicos\/elaboracao-de-manuais-e-tutoriais\/","title":{"rendered":"Elabora\u00e7\u00e3o de manuais e tutoriais"},"content":{"rendered":"<div class=\"wpb-content-wrapper\"><p>[vc_row][vc_column]<!-- Start Services \n    ============================================= -->\n    <div class=\"services-area default-padding bg-cover\">\n        <div class=\"container\">\n            <div class=\"services-tabs\">\n                <ul id=\"tabs\" class=\"nav nav-tabs\"><li class=\"nav-item\">\n                        <a href=\"\" data-target=\"#tab1\" data-toggle=\"tab\" class=\"active nav-link\">Servi\u00e7os Tecnol\u00f3gicos<\/a>\n                    <\/li><\/ul>\n                <div id=\"tabsContent\" class=\"tab-content wow fadeInUp\" data-wow-delay=\"0.5s\"><div id=\"tab1\" class=\"tab-pane fade active show\">\n                        <div class=\"row\">\n                            <div class=\"col-lg-5 col-md-12 thumb\" style=\"background-image: url(https:\/\/danielcaixeta.pro.br\/site\/wp-content\/uploads\/2023\/10\/tutorial-stories.png);\"><\/div>\n                            <div class=\"col-lg-7 col-md-12 info\">\n                                <div class=\"content\">\n                                    <i class=\"flaticon-analytics\"><\/i>\n                                    <h2>Elabora\u00e7\u00e3o de manuais e tutoriais<\/h2>\n                                    <p>\n                                        Nossa empresa oferece servi\u00e7os de elabora\u00e7\u00e3o de manuais contextualizados do Moodle, que s\u00e3o postados diretamente no ambiente da plataforma. Esses manuais visam facilitar o uso da plataforma pelos usu\u00e1rios, proporcionando uma compreens\u00e3o clara e precisa das funcionalidades dispon\u00edveis.<br \/>\nOs servi\u00e7os de elabora\u00e7\u00e3o de manuais contextualizados do Moodle incluem:\n                                    <\/p>\n                                    <ul>\n                                        <li>An\u00e1lise do ambiente e das necessidades do usu\u00e1rio: Realizamos uma an\u00e1lise detalhada do ambiente do Moodle e das necessidades dos usu\u00e1rios, identificando as funcionalidades e recursos que precisam ser abordados nos manuais.<\/li>\n                                        <li>Estrutura\u00e7\u00e3o e organiza\u00e7\u00e3o do conte\u00fado: Desenvolvemos uma estrutura e organiza\u00e7\u00e3o do conte\u00fado dos manuais, com base nas necessidades dos usu\u00e1rios e das funcionalidades do Moodle.<\/li>\n                                        <li>Cria\u00e7\u00e3o de conte\u00fado personalizado: Criamos conte\u00fado personalizado para cada se\u00e7\u00e3o do manual, incluindo instru\u00e7\u00f5es passo a passo, exemplos pr\u00e1ticos e capturas de tela, para tornar a experi\u00eancia de aprendizagem mais clara e compreens\u00edvel. Revis\u00e3o e valida\u00e7\u00e3o: Realizamos uma revis\u00e3o rigorosa do conte\u00fado dos manuais, verificando se ele atende \u00e0s necessidades dos usu\u00e1rios e est\u00e1 atualizado com as \u00faltimas funcionalidades do Moodle. Postagem no ambiente Moodle: Postamos os manuais diretamente no ambiente do Moodle, garantindo que os usu\u00e1rios possam acess\u00e1-los facilmente, sempre que precisarem.<\/li>\n                                    <\/ul><a href=\"#\" class=\"btn-more\">Entre em Contato<\/a><\/div>\n                            <\/div>\n                        <\/div>\n                    <\/div><\/div>\n            <\/div>\n        <\/div>\n    <\/div>\n    <!-- End Services Area -->[\/vc_column][\/vc_row]<\/p>\n<\/div>","protected":false},"excerpt":{"rendered":"<p>[vc_row][vc_column][\/vc_column][\/vc_row]<\/p>\n","protected":false},"author":1,"featured_media":0,"parent":1402,"menu_order":0,"comment_status":"closed","ping_status":"closed","template":"page-templates\/pages.php","meta":{"productId":0,"courseId":0,"footnotes":""},"class_list":["post-1534","page","type-page","status-publish","hentry"],"_links":{"self":[{"href":"https:\/\/danielcaixeta.pro.br\/site\/wp-json\/wp\/v2\/pages\/1534","targetHints":{"allow":["GET"]}}],"collection":[{"href":"https:\/\/danielcaixeta.pro.br\/site\/wp-json\/wp\/v2\/pages"}],"about":[{"href":"https:\/\/danielcaixeta.pro.br\/site\/wp-json\/wp\/v2\/types\/page"}],"author":[{"embeddable":true,"href":"https:\/\/danielcaixeta.pro.br\/site\/wp-json\/wp\/v2\/users\/1"}],"replies":[{"embeddable":true,"href":"https:\/\/danielcaixeta.pro.br\/site\/wp-json\/wp\/v2\/comments?post=1534"}],"version-history":[{"count":6,"href":"https:\/\/danielcaixeta.pro.br\/site\/wp-json\/wp\/v2\/pages\/1534\/revisions"}],"predecessor-version":[{"id":1561,"href":"https:\/\/danielcaixeta.pro.br\/site\/wp-json\/wp\/v2\/pages\/1534\/revisions\/1561"}],"up":[{"embeddable":true,"href":"https:\/\/danielcaixeta.pro.br\/site\/wp-json\/wp\/v2\/pages\/1402"}],"wp:attachment":[{"href":"https:\/\/danielcaixeta.pro.br\/site\/wp-json\/wp\/v2\/media?parent=1534"}],"curies":[{"name":"wp","href":"https:\/\/api.w.org\/{rel}","templated":true}]}}