{"id":1529,"date":"2023-10-02T21:48:21","date_gmt":"2023-10-02T21:48:21","guid":{"rendered":"https:\/\/danielcaixeta.pro.br\/site\/?page_id=1529"},"modified":"2023-10-02T21:57:06","modified_gmt":"2023-10-02T21:57:06","slug":"desenvolvimento-de-sites-educacionais","status":"publish","type":"page","link":"https:\/\/danielcaixeta.pro.br\/site\/servicos\/servicos-tecnologicos\/desenvolvimento-de-sites-educacionais\/","title":{"rendered":"Desenvolvimento de sites educacionais"},"content":{"rendered":"<div class=\"wpb-content-wrapper\"><p>[vc_row][vc_column]<!-- Start Services \n    ============================================= -->\n    <div class=\"services-area default-padding bg-cover\">\n        <div class=\"container\">\n            <div class=\"services-tabs\">\n                <ul id=\"tabs\" class=\"nav nav-tabs\"><li class=\"nav-item\">\n                        <a href=\"\" data-target=\"#tab1\" data-toggle=\"tab\" class=\"active nav-link\">Servi\u00e7os Tecnol\u00f3gicos<\/a>\n                    <\/li><\/ul>\n                <div id=\"tabsContent\" class=\"tab-content wow fadeInUp\" data-wow-delay=\"0.5s\"><div id=\"tab1\" class=\"tab-pane fade active show\">\n                        <div class=\"row\">\n                            <div class=\"col-lg-5 col-md-12 thumb\" style=\"background-image: url(https:\/\/danielcaixeta.pro.br\/site\/wp-content\/uploads\/2021\/01\/33.jpg);\"><\/div>\n                            <div class=\"col-lg-7 col-md-12 info\">\n                                <div class=\"content\">\n                                    <i class=\"flaticon-analytics\"><\/i>\n                                    <h2>Desenvolvimento de sites educacionais<\/h2>\n                                    <p>\n                                        Nossa empresa oferece servi\u00e7os de desenvolvimento de sites educacionais, proporcionando solu\u00e7\u00f5es personalizadas e integradas para institui\u00e7\u00f5es de ensino em todo o mundo. Trabalhamos em estreita colabora\u00e7\u00e3o com nossos clientes para desenvolver um site que atenda \u00e0s necessidades e expectativas da sua institui\u00e7\u00e3o, fornecendo ferramentas e recursos que tornam o processo de ensino e aprendizagem mais eficaz e acess\u00edvel. Os servi\u00e7os de desenvolvimento de sites educacionais incluem:\n                                    <\/p>\n                                    <ul>\n                                        <li>An\u00e1lise de requisitos e especifica\u00e7\u00f5es: Realizamos uma an\u00e1lise detalhada das necessidades e especifica\u00e7\u00f5es da sua institui\u00e7\u00e3o de ensino, identificando as funcionalidades e recursos que devem ser inclu\u00eddos no site.<\/li>\n                                        <li>Planejamento e estrat\u00e9gia de desenvolvimento: Desenvolvemos um plano e uma estrat\u00e9gia de desenvolvimento personalizados, considerando as especificidades da sua institui\u00e7\u00e3o e dos sistemas envolvidos, garantindo uma abordagem eficiente e eficaz para a cria\u00e7\u00e3o do site.<\/li>\n                                        <li>Design e layout personalizados criamos designs e layouts personalizados, de acordo com a identidade visual e manual de marca da sua institui\u00e7\u00e3o de ensino, garantindo uma apar\u00eancia profissional e coesa. Al\u00e9m do Desenvolvimento e implementa\u00e7\u00e3o: Trabalhamos na cria\u00e7\u00e3o e implementa\u00e7\u00e3o do site, assegurando que ele atenda \u00e0s especifica\u00e7\u00f5es e necessidades da sua institui\u00e7\u00e3o de ensino e esteja devidamente integrado com as plataformas e sistemas necess\u00e1rios.<\/li>\n                                    <\/ul><a href=\"#\" class=\"btn-more\">Entre em Contato<\/a><\/div>\n                            <\/div>\n                        <\/div>\n                    <\/div><\/div>\n            <\/div>\n        <\/div>\n    <\/div>\n    <!-- End Services Area -->[\/vc_column][\/vc_row]<\/p>\n<\/div>","protected":false},"excerpt":{"rendered":"<p>[vc_row][vc_column][\/vc_column][\/vc_row]<\/p>\n","protected":false},"author":1,"featured_media":0,"parent":1402,"menu_order":0,"comment_status":"closed","ping_status":"closed","template":"page-templates\/pages.php","meta":{"productId":0,"courseId":0,"footnotes":""},"class_list":["post-1529","page","type-page","status-publish","hentry"],"_links":{"self":[{"href":"https:\/\/danielcaixeta.pro.br\/site\/wp-json\/wp\/v2\/pages\/1529","targetHints":{"allow":["GET"]}}],"collection":[{"href":"https:\/\/danielcaixeta.pro.br\/site\/wp-json\/wp\/v2\/pages"}],"about":[{"href":"https:\/\/danielcaixeta.pro.br\/site\/wp-json\/wp\/v2\/types\/page"}],"author":[{"embeddable":true,"href":"https:\/\/danielcaixeta.pro.br\/site\/wp-json\/wp\/v2\/users\/1"}],"replies":[{"embeddable":true,"href":"https:\/\/danielcaixeta.pro.br\/site\/wp-json\/wp\/v2\/comments?post=1529"}],"version-history":[{"count":4,"href":"https:\/\/danielcaixeta.pro.br\/site\/wp-json\/wp\/v2\/pages\/1529\/revisions"}],"predecessor-version":[{"id":1533,"href":"https:\/\/danielcaixeta.pro.br\/site\/wp-json\/wp\/v2\/pages\/1529\/revisions\/1533"}],"up":[{"embeddable":true,"href":"https:\/\/danielcaixeta.pro.br\/site\/wp-json\/wp\/v2\/pages\/1402"}],"wp:attachment":[{"href":"https:\/\/danielcaixeta.pro.br\/site\/wp-json\/wp\/v2\/media?parent=1529"}],"curies":[{"name":"wp","href":"https:\/\/api.w.org\/{rel}","templated":true}]}}